{"id":1801,"date":"2018-07-16T08:43:21","date_gmt":"2018-07-16T08:43:21","guid":{"rendered":"http:\/\/fsrm.ch\/site\/?page_id=1801"},"modified":"2024-10-31T08:17:56","modified_gmt":"2024-10-31T08:17:56","slug":"qualitaetsanforderungen","status":"publish","type":"page","link":"https:\/\/fsrm.ch\/site\/de\/qualitaetsanforderungen\/","title":{"rendered":"qualit\u00e4tsanforderungen"},"content":{"rendered":"\t\t<div data-elementor-type=\"wp-post\" data-elementor-id=\"1801\" class=\"elementor elementor-1801\" data-elementor-post-type=\"page\">\n\t\t\t\t\t\t<section class=\"elementor-section elementor-top-section elementor-element elementor-element-562cfc6d elementor-section-stretched elementor-section-full_width elementor-section-content-middle elementor-section-height-default elementor-section-height-default\" data-id=\"562cfc6d\" data-element_type=\"section\" data-settings=\"{&quot;stretch_section&quot;:&quot;section-stretched&quot;}\">\n\t\t\t\t\t\t<div class=\"elementor-container elementor-column-gap-default\">\n\t\t\t\t\t<div class=\"elementor-column elementor-col-100 elementor-top-column elementor-element elementor-element-49874e41\" data-id=\"49874e41\" data-element_type=\"column\" data-settings=\"{&quot;background_background&quot;:&quot;classic&quot;}\">\n\t\t\t<div class=\"elementor-widget-wrap elementor-element-populated\">\n\t\t\t\t\t\t<div class=\"elementor-element elementor-element-433ac3b1 elementor-widget elementor-widget-image\" data-id=\"433ac3b1\" data-element_type=\"widget\" data-widget_type=\"image.default\">\n\t\t\t\t<div class=\"elementor-widget-container\">\n\t\t\t\t\t\t\t\t\t\t\t\t\t\t\t<img fetchpriority=\"high\" decoding=\"async\" width=\"768\" height=\"357\" src=\"https:\/\/fsrm.ch\/site\/wp-content\/uploads\/2018\/06\/cours_FSRM_longue_4-768x357.jpg\" class=\"attachment-medium_large size-medium_large wp-image-1313\" alt=\"\" srcset=\"https:\/\/fsrm.ch\/site\/wp-content\/uploads\/2018\/06\/cours_FSRM_longue_4-768x357.jpg 768w, https:\/\/fsrm.ch\/site\/wp-content\/uploads\/2018\/06\/cours_FSRM_longue_4-300x139.jpg 300w, https:\/\/fsrm.ch\/site\/wp-content\/uploads\/2018\/06\/cours_FSRM_longue_4-1024x475.jpg 1024w, https:\/\/fsrm.ch\/site\/wp-content\/uploads\/2018\/06\/cours_FSRM_longue_4.jpg 1441w\" sizes=\"(max-width: 768px) 100vw, 768px\" \/>\t\t\t\t\t\t\t\t\t\t\t\t\t\t\t<\/div>\n\t\t\t\t<\/div>\n\t\t\t\t\t<\/div>\n\t\t<\/div>\n\t\t\t\t\t<\/div>\n\t\t<\/section>\n\t\t\t\t<section class=\"elementor-section elementor-top-section elementor-element elementor-element-13be84e3 elementor-section-stretched elementor-section-content-middle elementor-section-boxed elementor-section-height-default elementor-section-height-default\" data-id=\"13be84e3\" data-element_type=\"section\" data-settings=\"{&quot;stretch_section&quot;:&quot;section-stretched&quot;}\">\n\t\t\t\t\t\t<div class=\"elementor-container elementor-column-gap-default\">\n\t\t\t\t\t<div class=\"elementor-column elementor-col-100 elementor-top-column elementor-element elementor-element-3398564\" data-id=\"3398564\" data-element_type=\"column\">\n\t\t\t<div class=\"elementor-widget-wrap elementor-element-populated\">\n\t\t\t\t\t\t<div class=\"elementor-element elementor-element-29eb2c02 elementor-widget elementor-widget-heading\" data-id=\"29eb2c02\" data-element_type=\"widget\" data-widget_type=\"heading.default\">\n\t\t\t\t<div class=\"elementor-widget-container\">\n\t\t\t\t\t<h2 class=\"elementor-heading-title elementor-size-default\">Gute Gr\u00fcnde f\u00fcr einen Kurs bei FSRM!<\/h2>\t\t\t\t<\/div>\n\t\t\t\t<\/div>\n\t\t\t\t<div class=\"elementor-element elementor-element-60fe52f4 elementor-widget elementor-widget-text-editor\" data-id=\"60fe52f4\" data-element_type=\"widget\" data-widget_type=\"text-editor.default\">\n\t\t\t\t<div class=\"elementor-widget-container\">\n\t\t\t\t\t\t\t\t\t<p>Wir sind regelm\u00e4ssig in pers\u00f6nlichem Kontakt mit unseren Dozenten und Kursteilnehmern. So sind wir am Puls des Geschehens und k\u00f6nnen auf Anfragen und Anregungen schnell reagieren.<\/p><p>Folgende Kriterien sind uns wichtig und garantieren die hohe Qualit\u00e4t unserer Kurse:<\/p><ul><li>Die Kursleiter sind Spezialisten auf ihrem Gebiet und haben eine nachgewiesene Berufserfahrung.<\/li><li>Der Kursinhalt ist praxisorientiert und auf die L\u00f6sung konkreter Probleme zugeschnitten.<\/li><li>Die Anzahl der Kursteilnehmer ist begrenzt und f\u00f6rdert den gegenseitigen Austausch.<\/li><\/ul><p>Wir schaffen ein angenehmes Umfeld, in dem Lernen Freude macht:<\/p><ul><li>Vor dem Kurs begr\u00fcssen wir Sie mit einem guten Kaffee oder Tee.<\/li><li>W\u00e4hrend des Kurses haben Sie einen Tablet-PC mit der Pr\u00e4sentation und einen digitalen Eingabestift zur Verf\u00fcgung. Damit\u00a0 k\u00f6nnen Sie direkt Notizen auf Ihr Kursdokument machen und alles bei Kursende an Ihre E-Mail-Adresse schicken.<\/li><li>Zu den Kaffeepausen servieren wir lokale Produkte.<\/li><li>Mittags geht die ganze Gruppe in ein gutes Restaurant in der N\u00e4he. Der Preis ist in den Teilnahmegeb\u00fchren inbegriffen.<\/li><li>Sie lernen Leute\u00a0 kennen, die in \u00e4hnlichen Gebieten arbeiten.<\/li><li>Sie k\u00f6nnen pers\u00f6nliche Kontakte zu den Spezialisten kn\u00fcpfen, die den Kurs unterrichten.<\/li><\/ul>\t\t\t\t\t\t\t\t<\/div>\n\t\t\t\t<\/div>\n\t\t\t\t\t<\/div>\n\t\t<\/div>\n\t\t\t\t\t<\/div>\n\t\t<\/section>\n\t\t\t\t<section class=\"elementor-section elementor-top-section elementor-element elementor-element-1385fb4 elementor-section-boxed elementor-section-height-default elementor-section-height-default\" data-id=\"1385fb4\" data-element_type=\"section\">\n\t\t\t\t\t\t<div class=\"elementor-container elementor-column-gap-default\">\n\t\t\t\t\t<div class=\"elementor-column elementor-col-33 elementor-top-column elementor-element elementor-element-1e657b9\" data-id=\"1e657b9\" data-element_type=\"column\">\n\t\t\t<div class=\"elementor-widget-wrap elementor-element-populated\">\n\t\t\t\t\t\t<div class=\"elementor-element elementor-element-3427c07 elementor-widget elementor-widget-image\" data-id=\"3427c07\" data-element_type=\"widget\" data-widget_type=\"image.default\">\n\t\t\t\t<div class=\"elementor-widget-container\">\n\t\t\t\t\t\t\t\t\t\t\t\t\t\t\t<img decoding=\"async\" src=\"https:\/\/fsrm.ch\/site\/wp-content\/uploads\/elementor\/thumbs\/D810_FSRM_tedbyrne_20180619_031_grey-3-o6jo375934v6v4wb18mnc8vvzq6k3vmag8ltxkercw.png\" title=\"D810_FSRM_tedbyrne_20180619_031_grey\" alt=\"D810_FSRM_tedbyrne_20180619_031_grey\" loading=\"lazy\" \/>\t\t\t\t\t\t\t\t\t\t\t\t\t\t\t<\/div>\n\t\t\t\t<\/div>\n\t\t\t\t\t<\/div>\n\t\t<\/div>\n\t\t\t\t<div class=\"elementor-column elementor-col-33 elementor-top-column elementor-element elementor-element-01ebfe5\" data-id=\"01ebfe5\" data-element_type=\"column\">\n\t\t\t<div class=\"elementor-widget-wrap elementor-element-populated\">\n\t\t\t\t\t\t<div class=\"elementor-element elementor-element-83697d6 elementor-widget elementor-widget-image\" data-id=\"83697d6\" data-element_type=\"widget\" data-widget_type=\"image.default\">\n\t\t\t\t<div class=\"elementor-widget-container\">\n\t\t\t\t\t\t\t\t\t\t\t\t\t\t\t<img decoding=\"async\" src=\"https:\/\/fsrm.ch\/site\/wp-content\/uploads\/elementor\/thumbs\/D810_FSRM_tedbyrne_20181115_102_4000px_grey-4-o6jo1y0zz35fdupucp4k0k9rh8cxuen6a1aiwa9nnk.png\" title=\"D810_FSRM_tedbyrne_20181115_102_4000px_grey\" alt=\"D810_FSRM_tedbyrne_20181115_102_4000px_grey\" loading=\"lazy\" \/>\t\t\t\t\t\t\t\t\t\t\t\t\t\t\t<\/div>\n\t\t\t\t<\/div>\n\t\t\t\t\t<\/div>\n\t\t<\/div>\n\t\t\t\t<div class=\"elementor-column elementor-col-33 elementor-top-column elementor-element elementor-element-91b5722\" data-id=\"91b5722\" data-element_type=\"column\">\n\t\t\t<div class=\"elementor-widget-wrap elementor-element-populated\">\n\t\t\t\t\t\t<div class=\"elementor-element elementor-element-f077c1c elementor-widget elementor-widget-image\" data-id=\"f077c1c\" data-element_type=\"widget\" data-widget_type=\"image.default\">\n\t\t\t\t<div class=\"elementor-widget-container\">\n\t\t\t\t\t\t\t\t\t\t\t\t\t\t\t<img decoding=\"async\" src=\"https:\/\/fsrm.ch\/site\/wp-content\/uploads\/elementor\/thumbs\/2018-06-20-iPad_grey-4-o6jo0tlxt7m3imcjwpnljcgxxnw5nf6psh8n9dxl34.png\" title=\"2018-06-20 iPad_grey\" alt=\"2018-06-20 iPad_grey\" loading=\"lazy\" \/>\t\t\t\t\t\t\t\t\t\t\t\t\t\t\t<\/div>\n\t\t\t\t<\/div>\n\t\t\t\t\t<\/div>\n\t\t<\/div>\n\t\t\t\t\t<\/div>\n\t\t<\/section>\n\t\t\t\t<\/div>\n\t\t","protected":false},"excerpt":{"rendered":"<p>Gute Gr\u00fcnde f\u00fcr einen Kurs bei FSRM! Wir sind regelm\u00e4ssig in pers\u00f6nlichem Kontakt mit unseren Dozenten und Kursteilnehmern. So sind wir am Puls des Geschehens und k\u00f6nnen auf Anfragen und Anregungen schnell reagieren. Folgende Kriterien sind uns wichtig und garantieren die hohe Qualit\u00e4t unserer Kurse: Die Kursleiter sind Spezialisten auf ihrem Gebiet und haben eine [&hellip;]<\/p>\n","protected":false},"author":6,"featured_media":0,"parent":0,"menu_order":0,"comment_status":"closed","ping_status":"closed","template":"","meta":{"footnotes":""},"class_list":["post-1801","page","type-page","status-publish","hentry"],"yoast_head":"<!-- This site is optimized with the Yoast SEO plugin v25.4 - https:\/\/yoast.com\/wordpress\/plugins\/seo\/ -->\n<title>qualit\u00e4tsanforderungen - FSRM<\/title>\n<meta name=\"robots\" content=\"index, follow, max-snippet:-1, max-image-preview:large, max-video-preview:-1\" \/>\n<link rel=\"canonical\" href=\"https:\/\/fsrm.ch\/site\/de\/qualitaetsanforderungen\/\" \/>\n<meta property=\"og:locale\" content=\"en_US\" \/>\n<meta property=\"og:type\" content=\"article\" \/>\n<meta property=\"og:title\" content=\"qualit\u00e4tsanforderungen - FSRM\" \/>\n<meta property=\"og:description\" content=\"Gute Gr\u00fcnde f\u00fcr einen Kurs bei FSRM! Wir sind regelm\u00e4ssig in pers\u00f6nlichem Kontakt mit unseren Dozenten und Kursteilnehmern. So sind wir am Puls des Geschehens und k\u00f6nnen auf Anfragen und Anregungen schnell reagieren. Folgende Kriterien sind uns wichtig und garantieren die hohe Qualit\u00e4t unserer Kurse: Die Kursleiter sind Spezialisten auf ihrem Gebiet und haben eine [&hellip;]\" \/>\n<meta property=\"og:url\" content=\"https:\/\/fsrm.ch\/site\/de\/qualitaetsanforderungen\/\" \/>\n<meta property=\"og:site_name\" content=\"FSRM\" \/>\n<meta property=\"article:publisher\" content=\"https:\/\/www.facebook.com\/fsrm.ch\" \/>\n<meta property=\"article:modified_time\" content=\"2024-10-31T08:17:56+00:00\" \/>\n<meta property=\"og:image\" content=\"https:\/\/fsrm.ch\/site\/wp-content\/uploads\/2018\/06\/cours_FSRM_longue_4-768x357.jpg\" \/>\n<meta name=\"twitter:card\" content=\"summary_large_image\" \/>\n<meta name=\"twitter:label1\" content=\"Est. reading time\" \/>\n\t<meta name=\"twitter:data1\" content=\"1 minute\" \/>\n<script type=\"application\/ld+json\" class=\"yoast-schema-graph\">{\"@context\":\"https:\/\/schema.org\",\"@graph\":[{\"@type\":\"WebPage\",\"@id\":\"https:\/\/fsrm.ch\/site\/de\/qualitaetsanforderungen\/\",\"url\":\"https:\/\/fsrm.ch\/site\/de\/qualitaetsanforderungen\/\",\"name\":\"qualit\u00e4tsanforderungen - FSRM\",\"isPartOf\":{\"@id\":\"https:\/\/fsrm.ch\/site\/#website\"},\"primaryImageOfPage\":{\"@id\":\"https:\/\/fsrm.ch\/site\/de\/qualitaetsanforderungen\/#primaryimage\"},\"image\":{\"@id\":\"https:\/\/fsrm.ch\/site\/de\/qualitaetsanforderungen\/#primaryimage\"},\"thumbnailUrl\":\"https:\/\/fsrm.ch\/site\/wp-content\/uploads\/2018\/06\/cours_FSRM_longue_4-768x357.jpg\",\"datePublished\":\"2018-07-16T08:43:21+00:00\",\"dateModified\":\"2024-10-31T08:17:56+00:00\",\"breadcrumb\":{\"@id\":\"https:\/\/fsrm.ch\/site\/de\/qualitaetsanforderungen\/#breadcrumb\"},\"inLanguage\":\"en-US\",\"potentialAction\":[{\"@type\":\"ReadAction\",\"target\":[\"https:\/\/fsrm.ch\/site\/de\/qualitaetsanforderungen\/\"]}]},{\"@type\":\"ImageObject\",\"inLanguage\":\"en-US\",\"@id\":\"https:\/\/fsrm.ch\/site\/de\/qualitaetsanforderungen\/#primaryimage\",\"url\":\"https:\/\/fsrm.ch\/site\/wp-content\/uploads\/2018\/06\/cours_FSRM_longue_4.jpg\",\"contentUrl\":\"https:\/\/fsrm.ch\/site\/wp-content\/uploads\/2018\/06\/cours_FSRM_longue_4.jpg\",\"width\":1441,\"height\":669},{\"@type\":\"BreadcrumbList\",\"@id\":\"https:\/\/fsrm.ch\/site\/de\/qualitaetsanforderungen\/#breadcrumb\",\"itemListElement\":[{\"@type\":\"ListItem\",\"position\":1,\"name\":\"Home\",\"item\":\"https:\/\/fsrm.ch\/site\/\"},{\"@type\":\"ListItem\",\"position\":2,\"name\":\"qualit\u00e4tsanforderungen\"}]},{\"@type\":\"WebSite\",\"@id\":\"https:\/\/fsrm.ch\/site\/#website\",\"url\":\"https:\/\/fsrm.ch\/site\/\",\"name\":\"FSRM\",\"description\":\"Formation continue, cours de perfectionnement professionnel et organisation d&#039;\u00e9v\u00e9nements.\",\"publisher\":{\"@id\":\"https:\/\/fsrm.ch\/site\/#organization\"},\"potentialAction\":[{\"@type\":\"SearchAction\",\"target\":{\"@type\":\"EntryPoint\",\"urlTemplate\":\"https:\/\/fsrm.ch\/site\/?s={search_term_string}\"},\"query-input\":{\"@type\":\"PropertyValueSpecification\",\"valueRequired\":true,\"valueName\":\"search_term_string\"}}],\"inLanguage\":\"en-US\"},{\"@type\":\"Organization\",\"@id\":\"https:\/\/fsrm.ch\/site\/#organization\",\"name\":\"FSRM\",\"url\":\"https:\/\/fsrm.ch\/site\/\",\"logo\":{\"@type\":\"ImageObject\",\"inLanguage\":\"en-US\",\"@id\":\"https:\/\/fsrm.ch\/site\/#\/schema\/logo\/image\/\",\"url\":\"https:\/\/fsrm.ch\/site\/wp-content\/uploads\/2025\/05\/fsrm-logo.png\",\"contentUrl\":\"https:\/\/fsrm.ch\/site\/wp-content\/uploads\/2025\/05\/fsrm-logo.png\",\"width\":1000,\"height\":539,\"caption\":\"FSRM\"},\"image\":{\"@id\":\"https:\/\/fsrm.ch\/site\/#\/schema\/logo\/image\/\"},\"sameAs\":[\"https:\/\/www.facebook.com\/fsrm.ch\",\"https:\/\/www.linkedin.com\/company\/fsrm-swiss-foundation-for-research-in-microtechnology\",\"https:\/\/www.youtube.com\/user\/fsrmch\"]}]}<\/script>\n<!-- \/ Yoast SEO plugin. -->","yoast_head_json":{"title":"qualit\u00e4tsanforderungen - FSRM","robots":{"index":"index","follow":"follow","max-snippet":"max-snippet:-1","max-image-preview":"max-image-preview:large","max-video-preview":"max-video-preview:-1"},"canonical":"https:\/\/fsrm.ch\/site\/de\/qualitaetsanforderungen\/","og_locale":"en_US","og_type":"article","og_title":"qualit\u00e4tsanforderungen - FSRM","og_description":"Gute Gr\u00fcnde f\u00fcr einen Kurs bei FSRM! Wir sind regelm\u00e4ssig in pers\u00f6nlichem Kontakt mit unseren Dozenten und Kursteilnehmern. So sind wir am Puls des Geschehens und k\u00f6nnen auf Anfragen und Anregungen schnell reagieren. Folgende Kriterien sind uns wichtig und garantieren die hohe Qualit\u00e4t unserer Kurse: Die Kursleiter sind Spezialisten auf ihrem Gebiet und haben eine [&hellip;]","og_url":"https:\/\/fsrm.ch\/site\/de\/qualitaetsanforderungen\/","og_site_name":"FSRM","article_publisher":"https:\/\/www.facebook.com\/fsrm.ch","article_modified_time":"2024-10-31T08:17:56+00:00","og_image":[{"url":"https:\/\/fsrm.ch\/site\/wp-content\/uploads\/2018\/06\/cours_FSRM_longue_4-768x357.jpg","type":"","width":"","height":""}],"twitter_card":"summary_large_image","twitter_misc":{"Est. reading time":"1 minute"},"schema":{"@context":"https:\/\/schema.org","@graph":[{"@type":"WebPage","@id":"https:\/\/fsrm.ch\/site\/de\/qualitaetsanforderungen\/","url":"https:\/\/fsrm.ch\/site\/de\/qualitaetsanforderungen\/","name":"qualit\u00e4tsanforderungen - FSRM","isPartOf":{"@id":"https:\/\/fsrm.ch\/site\/#website"},"primaryImageOfPage":{"@id":"https:\/\/fsrm.ch\/site\/de\/qualitaetsanforderungen\/#primaryimage"},"image":{"@id":"https:\/\/fsrm.ch\/site\/de\/qualitaetsanforderungen\/#primaryimage"},"thumbnailUrl":"https:\/\/fsrm.ch\/site\/wp-content\/uploads\/2018\/06\/cours_FSRM_longue_4-768x357.jpg","datePublished":"2018-07-16T08:43:21+00:00","dateModified":"2024-10-31T08:17:56+00:00","breadcrumb":{"@id":"https:\/\/fsrm.ch\/site\/de\/qualitaetsanforderungen\/#breadcrumb"},"inLanguage":"en-US","potentialAction":[{"@type":"ReadAction","target":["https:\/\/fsrm.ch\/site\/de\/qualitaetsanforderungen\/"]}]},{"@type":"ImageObject","inLanguage":"en-US","@id":"https:\/\/fsrm.ch\/site\/de\/qualitaetsanforderungen\/#primaryimage","url":"https:\/\/fsrm.ch\/site\/wp-content\/uploads\/2018\/06\/cours_FSRM_longue_4.jpg","contentUrl":"https:\/\/fsrm.ch\/site\/wp-content\/uploads\/2018\/06\/cours_FSRM_longue_4.jpg","width":1441,"height":669},{"@type":"BreadcrumbList","@id":"https:\/\/fsrm.ch\/site\/de\/qualitaetsanforderungen\/#breadcrumb","itemListElement":[{"@type":"ListItem","position":1,"name":"Home","item":"https:\/\/fsrm.ch\/site\/"},{"@type":"ListItem","position":2,"name":"qualit\u00e4tsanforderungen"}]},{"@type":"WebSite","@id":"https:\/\/fsrm.ch\/site\/#website","url":"https:\/\/fsrm.ch\/site\/","name":"FSRM","description":"Formation continue, cours de perfectionnement professionnel et organisation d&#039;\u00e9v\u00e9nements.","publisher":{"@id":"https:\/\/fsrm.ch\/site\/#organization"},"potentialAction":[{"@type":"SearchAction","target":{"@type":"EntryPoint","urlTemplate":"https:\/\/fsrm.ch\/site\/?s={search_term_string}"},"query-input":{"@type":"PropertyValueSpecification","valueRequired":true,"valueName":"search_term_string"}}],"inLanguage":"en-US"},{"@type":"Organization","@id":"https:\/\/fsrm.ch\/site\/#organization","name":"FSRM","url":"https:\/\/fsrm.ch\/site\/","logo":{"@type":"ImageObject","inLanguage":"en-US","@id":"https:\/\/fsrm.ch\/site\/#\/schema\/logo\/image\/","url":"https:\/\/fsrm.ch\/site\/wp-content\/uploads\/2025\/05\/fsrm-logo.png","contentUrl":"https:\/\/fsrm.ch\/site\/wp-content\/uploads\/2025\/05\/fsrm-logo.png","width":1000,"height":539,"caption":"FSRM"},"image":{"@id":"https:\/\/fsrm.ch\/site\/#\/schema\/logo\/image\/"},"sameAs":["https:\/\/www.facebook.com\/fsrm.ch","https:\/\/www.linkedin.com\/company\/fsrm-swiss-foundation-for-research-in-microtechnology","https:\/\/www.youtube.com\/user\/fsrmch"]}]}},"_links":{"self":[{"href":"https:\/\/fsrm.ch\/site\/wp-json\/wp\/v2\/pages\/1801","targetHints":{"allow":["GET"]}}],"collection":[{"href":"https:\/\/fsrm.ch\/site\/wp-json\/wp\/v2\/pages"}],"about":[{"href":"https:\/\/fsrm.ch\/site\/wp-json\/wp\/v2\/types\/page"}],"author":[{"embeddable":true,"href":"https:\/\/fsrm.ch\/site\/wp-json\/wp\/v2\/users\/6"}],"replies":[{"embeddable":true,"href":"https:\/\/fsrm.ch\/site\/wp-json\/wp\/v2\/comments?post=1801"}],"version-history":[{"count":40,"href":"https:\/\/fsrm.ch\/site\/wp-json\/wp\/v2\/pages\/1801\/revisions"}],"predecessor-version":[{"id":6968,"href":"https:\/\/fsrm.ch\/site\/wp-json\/wp\/v2\/pages\/1801\/revisions\/6968"}],"wp:attachment":[{"href":"https:\/\/fsrm.ch\/site\/wp-json\/wp\/v2\/media?parent=1801"}],"curies":[{"name":"wp","href":"https:\/\/api.w.org\/{rel}","templated":true}]}}