{"id":1818,"date":"2018-07-25T06:57:53","date_gmt":"2018-07-25T06:57:53","guid":{"rendered":"http:\/\/fsrm.ch\/site\/?page_id=1818"},"modified":"2025-06-12T12:07:37","modified_gmt":"2025-06-12T12:07:37","slug":"dissemination_de","status":"publish","type":"page","link":"https:\/\/fsrm.ch\/site\/de\/dissemination_de\/","title":{"rendered":"dissemination_d"},"content":{"rendered":"\t\t<div data-elementor-type=\"wp-post\" data-elementor-id=\"1818\" class=\"elementor elementor-1818\" data-elementor-post-type=\"page\">\n\t\t\t\t\t\t<section class=\"elementor-section elementor-top-section elementor-element elementor-element-3bf51109 elementor-section-stretched elementor-section-full_width elementor-section-content-middle elementor-section-height-default elementor-section-height-default\" data-id=\"3bf51109\" data-element_type=\"section\" data-settings=\"{&quot;stretch_section&quot;:&quot;section-stretched&quot;}\">\n\t\t\t\t\t\t<div class=\"elementor-container elementor-column-gap-default\">\n\t\t\t\t\t<div class=\"elementor-column elementor-col-100 elementor-top-column elementor-element elementor-element-7464e61b\" data-id=\"7464e61b\" data-element_type=\"column\" data-settings=\"{&quot;background_background&quot;:&quot;classic&quot;}\">\n\t\t\t<div class=\"elementor-widget-wrap elementor-element-populated\">\n\t\t\t\t\t\t<div class=\"elementor-element elementor-element-5c1d5941 elementor-widget elementor-widget-image\" data-id=\"5c1d5941\" data-element_type=\"widget\" data-widget_type=\"image.default\">\n\t\t\t\t<div class=\"elementor-widget-container\">\n\t\t\t\t\t\t\t\t\t\t\t\t\t\t\t<img fetchpriority=\"high\" decoding=\"async\" width=\"768\" height=\"357\" src=\"https:\/\/fsrm.ch\/site\/wp-content\/uploads\/2018\/04\/porte_voix-1-768x357.jpg\" class=\"attachment-medium_large size-medium_large wp-image-1361\" alt=\"Diss\u00e9mination pour projets de recherche\" srcset=\"https:\/\/fsrm.ch\/site\/wp-content\/uploads\/2018\/04\/porte_voix-1-768x357.jpg 768w, https:\/\/fsrm.ch\/site\/wp-content\/uploads\/2018\/04\/porte_voix-1-300x139.jpg 300w, https:\/\/fsrm.ch\/site\/wp-content\/uploads\/2018\/04\/porte_voix-1-1024x475.jpg 1024w, https:\/\/fsrm.ch\/site\/wp-content\/uploads\/2018\/04\/porte_voix-1.jpg 1441w\" sizes=\"(max-width: 768px) 100vw, 768px\" \/>\t\t\t\t\t\t\t\t\t\t\t\t\t\t\t<\/div>\n\t\t\t\t<\/div>\n\t\t\t\t\t<\/div>\n\t\t<\/div>\n\t\t\t\t\t<\/div>\n\t\t<\/section>\n\t\t\t\t<section class=\"elementor-section elementor-top-section elementor-element elementor-element-398518c7 elementor-section-stretched elementor-section-content-middle elementor-section-boxed elementor-section-height-default elementor-section-height-default\" data-id=\"398518c7\" data-element_type=\"section\" data-settings=\"{&quot;stretch_section&quot;:&quot;section-stretched&quot;}\">\n\t\t\t\t\t\t<div class=\"elementor-container elementor-column-gap-default\">\n\t\t\t\t\t<div class=\"elementor-column elementor-col-100 elementor-top-column elementor-element elementor-element-4a38fde8\" data-id=\"4a38fde8\" data-element_type=\"column\">\n\t\t\t<div class=\"elementor-widget-wrap elementor-element-populated\">\n\t\t\t\t\t\t<div class=\"elementor-element elementor-element-1f02a784 elementor-widget elementor-widget-heading\" data-id=\"1f02a784\" data-element_type=\"widget\" data-widget_type=\"heading.default\">\n\t\t\t\t<div class=\"elementor-widget-container\">\n\t\t\t\t\t<h1 class=\"elementor-heading-title elementor-size-default\">Verbreitung, Kommunikation und Verwertung in EUROP\u00c4ISCHEN ForschungsPROJEKTEN<\/h1>\t\t\t\t<\/div>\n\t\t\t\t<\/div>\n\t\t\t\t<div class=\"elementor-element elementor-element-c60d11d elementor-widget__width-initial elementor-widget elementor-widget-text-editor\" data-id=\"c60d11d\" data-element_type=\"widget\" data-widget_type=\"text-editor.default\">\n\t\t\t\t<div class=\"elementor-widget-container\">\n\t\t\t\t\t\t\t\t\t<p data-start=\"66\" data-end=\"248\">Einer der bedeutendsten \u00c4nderungen in der neuen Programmperiode von Horizon Europe besteht darin, dass Verbreitungs- und Verwertungspl\u00e4ne bereits in der Antragsphase verlangt werden.<\/p><p data-start=\"250\" data-end=\"390\">Impact-Erkl\u00e4rungen d\u00fcrfen nicht mehr allgemein und theoretisch sein. Sie m\u00fcssen eine tats\u00e4chliche Wirkung anhand konkreter Daten nachweisen.<\/p><p data-start=\"392\" data-end=\"511\">Die Ausarbeitung eines \u00fcberzeugenden \u201eImpact\u201c-Abschnitts ist entscheidend f\u00fcr den Erfolg Ihres Projektantrags geworden.<\/p><p data-start=\"513\" data-end=\"621\">Aus diesem Grund integrieren immer mehr Koordinatoren spezialisierte Partner wie die FSRM in ihr Konsortium.<\/p><p data-start=\"623\" data-end=\"1103\">Als Partner Ihres neuen Forschungsprojekts tr\u00e4gt die FSRM ma\u00dfgeblich zu dessen Erfolg bei, indem sie das Kapitel \u201eImpact\u201c in enger Zusammenarbeit mit Ihrem Projektkoordinator erstellt. Nach Annahme des Projekts \u00fcbernimmt die FSRM die Leitung des entsprechenden Arbeitspakets (WP Leader), um die Verbreitung der Projektergebnisse, die Kommunikation der Erkenntnisse an die verschiedenen Zielgruppen sowie den Aufbau von Strukturen f\u00fcr die Verwertung der Ergebnisse sicherzustellen.<\/p><p><b><u>Status der Schweiz in Horizon Europe:<\/u><\/b><\/p><p data-start=\"1148\" data-end=\"1504\">Derzeit ist die Schweiz nicht mit Horizon Europe assoziiert. Dennoch sind Schweizer Partner f\u00fcr die meisten Ausschreibungen teilnahmeberechtigt. Als regul\u00e4rer Projektpartner hat die FSRM den Status eines \u201eassoziierten Partners\u201c. Unsere Aktivit\u00e4ten werden somit zu 100 % durch die Schweizer Regierung finanziert und belasten nicht das Budget Ihres Projekts.<\/p><p data-start=\"1506\" data-end=\"1572\">F\u00fcr weitere Informationen kontaktieren Sie bitte <strong data-start=\"1555\" data-end=\"1571\"><a class=\"cursor-pointer\" rel=\"noopener\" data-start=\"1557\" data-end=\"1569\">fsrm@fsrm.ch<\/a><\/strong>.<\/p><p><b>Die FSRM&#8230;<\/b><\/p><ul><li data-start=\"1593\" data-end=\"1666\">ist spezialisiert auf Verbreitung, Kommunikation und Projektmanagement,<\/li><li data-start=\"1669\" data-end=\"1791\">ist ein f\u00fchrender europ\u00e4ischer Kursanbieter im Bereich der Mikro-\/Nanotechnologie mit einem Programm von \u00fcber 30 Themen,<\/li><li data-start=\"1794\" data-end=\"1859\">ist eine neutrale und unabh\u00e4ngige Stiftung nach privatem Recht,<\/li><li data-start=\"1862\" data-end=\"1951\">verf\u00fcgt \u00fcber langj\u00e4hrige Erfahrung als Partner in europ\u00e4ischen Projekten (siehe unten).<\/li><\/ul>\t\t\t\t\t\t\t\t<\/div>\n\t\t\t\t<\/div>\n\t\t\t\t<div class=\"elementor-element elementor-element-ff26795 elementor-widget elementor-widget-text-editor\" data-id=\"ff26795\" data-element_type=\"widget\" data-widget_type=\"text-editor.default\">\n\t\t\t\t<div class=\"elementor-widget-container\">\n\t\t\t\t\t\t\t\t\t<p><b>Unsere Expertise<\/b><\/p><p data-start=\"79\" data-end=\"129\"><strong data-start=\"79\" data-end=\"129\">In von der EU gef\u00f6rderten Forschungsprojekten:<\/strong><\/p><ul><li>Ausarbeitung und Leitung von Arbeitspaketen in den Bereichen Verbreitung, Kommunikation, Verwertung der Ergebnisse und Schulung<\/li><li>Organisation aller geplanten Kommunikationsma\u00dfnahmen: Websites, soziale Medien, Videos, Flyer, Newsletter, Artikel, Messest\u00e4nde<\/li><li>Administrative Projektleitung<\/li><li>Entwicklung von Verbreitungsstrategien und Kommunikationspl\u00e4nen<\/li><li>Aufbau von Strukturen f\u00fcr Fragen des geistigen Eigentums und die Verwertung der Ergebnisse<\/li><li>Organisation von technischen Seminaren, Workshops, Konferenzen und Schulungen zur F\u00f6rderung des Know-how-Austauschs zwischen den Projektpartnern und zur Weitergabe von Wissen und Ergebnissen an eine breitere \u00d6ffentlichkeit<\/li><li>Einrichtung und Verwaltung von Kommunikationsplattformen und Konferenzwebseiten<\/li><\/ul><p data-start=\"904\" data-end=\"1116\">Dar\u00fcber hinaus kann die FSRM dem Konsortium ihre engen Kontakte zu Fachverb\u00e4nden, Kommunikationsplattformen, Unternehmen, Universit\u00e4ten und Forschungszentren im Bereich Mikro-\/Nanotechnologie zugutekommen lassen.<\/p>\t\t\t\t\t\t\t\t<\/div>\n\t\t\t\t<\/div>\n\t\t\t\t<div class=\"elementor-element elementor-element-37ac55a elementor-widget elementor-widget-text-editor\" data-id=\"37ac55a\" data-element_type=\"widget\" data-widget_type=\"text-editor.default\">\n\t\t\t\t<div class=\"elementor-widget-container\">\n\t\t\t\t\t\t\t\t\t<p><b>Unsere Projekte<\/b><\/p><p data-start=\"78\" data-end=\"394\"><strong data-start=\"78\" data-end=\"91\">ChipScope<\/strong> \u2013 Leitung des Arbeitspakets Kommunikation, Verbreitung, Verwertung<br data-start=\"158\" data-end=\"161\" \/><strong data-start=\"161\" data-end=\"195\">EuroTraining, EuroTraining-MST<\/strong> \u2013 Koordinator beider Projekte<br data-start=\"225\" data-end=\"228\" \/><strong data-start=\"228\" data-end=\"281\">IAQSense, Express, Polybright, Nano2Life, Pronano<\/strong> \u2013 Leitung des Arbeitspakets Verbreitung, Verwertung, Schulung<br data-start=\"343\" data-end=\"346\" data-is-only-node=\"\" \/><strong data-start=\"346\" data-end=\"357\">ASSEMIC<\/strong> \u2013 Schulungsleiter (Training Manager)<\/p>\t\t\t\t\t\t\t\t<\/div>\n\t\t\t\t<\/div>\n\t\t\t\t\t<\/div>\n\t\t<\/div>\n\t\t\t\t\t<\/div>\n\t\t<\/section>\n\t\t\t\t<\/div>\n\t\t","protected":false},"excerpt":{"rendered":"<p>Verbreitung, Kommunikation und Verwertung in EUROP\u00c4ISCHEN ForschungsPROJEKTEN Einer der bedeutendsten \u00c4nderungen in der neuen Programmperiode von Horizon Europe besteht darin, dass Verbreitungs- und Verwertungspl\u00e4ne bereits in der Antragsphase verlangt werden. Impact-Erkl\u00e4rungen d\u00fcrfen nicht mehr allgemein und theoretisch sein. Sie m\u00fcssen eine tats\u00e4chliche Wirkung anhand konkreter Daten nachweisen. Die Ausarbeitung eines \u00fcberzeugenden \u201eImpact\u201c-Abschnitts ist entscheidend f\u00fcr [&hellip;]<\/p>\n","protected":false},"author":6,"featured_media":0,"parent":0,"menu_order":0,"comment_status":"closed","ping_status":"closed","template":"","meta":{"footnotes":""},"class_list":["post-1818","page","type-page","status-publish","hentry"],"yoast_head":"<!-- This site is optimized with the Yoast SEO plugin v25.4 - https:\/\/yoast.com\/wordpress\/plugins\/seo\/ -->\n<title>dissemination_d - FSRM<\/title>\n<meta name=\"description\" content=\"Partner f\u00fcr Verbreitung, Kommunikation und Verwertung in EU-Forschungsprojekten (Horizon Europe), mit garantierter Expertise und Wirkung\" \/>\n<meta name=\"robots\" content=\"index, follow, max-snippet:-1, max-image-preview:large, max-video-preview:-1\" \/>\n<link rel=\"canonical\" href=\"https:\/\/fsrm.ch\/site\/de\/dissemination_de\/\" \/>\n<meta property=\"og:locale\" content=\"en_US\" \/>\n<meta property=\"og:type\" content=\"article\" \/>\n<meta property=\"og:title\" content=\"dissemination_d - FSRM\" \/>\n<meta property=\"og:description\" content=\"Partner f\u00fcr Verbreitung, Kommunikation und Verwertung in EU-Forschungsprojekten (Horizon Europe), mit garantierter Expertise und Wirkung\" \/>\n<meta property=\"og:url\" content=\"https:\/\/fsrm.ch\/site\/de\/dissemination_de\/\" \/>\n<meta property=\"og:site_name\" content=\"FSRM\" \/>\n<meta property=\"article:publisher\" content=\"https:\/\/www.facebook.com\/fsrm.ch\" \/>\n<meta property=\"article:modified_time\" content=\"2025-06-12T12:07:37+00:00\" \/>\n<meta property=\"og:image\" content=\"https:\/\/fsrm.ch\/site\/wp-content\/uploads\/2018\/04\/porte_voix-1-768x357.jpg\" \/>\n<meta name=\"twitter:card\" content=\"summary_large_image\" \/>\n<meta name=\"twitter:label1\" content=\"Est. reading time\" \/>\n\t<meta name=\"twitter:data1\" content=\"2 minutes\" \/>\n<script type=\"application\/ld+json\" class=\"yoast-schema-graph\">{\"@context\":\"https:\/\/schema.org\",\"@graph\":[{\"@type\":\"WebPage\",\"@id\":\"https:\/\/fsrm.ch\/site\/de\/dissemination_de\/\",\"url\":\"https:\/\/fsrm.ch\/site\/de\/dissemination_de\/\",\"name\":\"dissemination_d - FSRM\",\"isPartOf\":{\"@id\":\"https:\/\/fsrm.ch\/site\/#website\"},\"primaryImageOfPage\":{\"@id\":\"https:\/\/fsrm.ch\/site\/de\/dissemination_de\/#primaryimage\"},\"image\":{\"@id\":\"https:\/\/fsrm.ch\/site\/de\/dissemination_de\/#primaryimage\"},\"thumbnailUrl\":\"https:\/\/fsrm.ch\/site\/wp-content\/uploads\/2018\/04\/porte_voix-1-768x357.jpg\",\"datePublished\":\"2018-07-25T06:57:53+00:00\",\"dateModified\":\"2025-06-12T12:07:37+00:00\",\"description\":\"Partner f\u00fcr Verbreitung, Kommunikation und Verwertung in EU-Forschungsprojekten (Horizon Europe), mit garantierter Expertise und Wirkung\",\"breadcrumb\":{\"@id\":\"https:\/\/fsrm.ch\/site\/de\/dissemination_de\/#breadcrumb\"},\"inLanguage\":\"en-US\",\"potentialAction\":[{\"@type\":\"ReadAction\",\"target\":[\"https:\/\/fsrm.ch\/site\/de\/dissemination_de\/\"]}]},{\"@type\":\"ImageObject\",\"inLanguage\":\"en-US\",\"@id\":\"https:\/\/fsrm.ch\/site\/de\/dissemination_de\/#primaryimage\",\"url\":\"https:\/\/fsrm.ch\/site\/wp-content\/uploads\/2018\/04\/porte_voix-1.jpg\",\"contentUrl\":\"https:\/\/fsrm.ch\/site\/wp-content\/uploads\/2018\/04\/porte_voix-1.jpg\",\"width\":1441,\"height\":669,\"caption\":\"Diss\u00e9mination\"},{\"@type\":\"BreadcrumbList\",\"@id\":\"https:\/\/fsrm.ch\/site\/de\/dissemination_de\/#breadcrumb\",\"itemListElement\":[{\"@type\":\"ListItem\",\"position\":1,\"name\":\"Home\",\"item\":\"https:\/\/fsrm.ch\/site\/\"},{\"@type\":\"ListItem\",\"position\":2,\"name\":\"dissemination_d\"}]},{\"@type\":\"WebSite\",\"@id\":\"https:\/\/fsrm.ch\/site\/#website\",\"url\":\"https:\/\/fsrm.ch\/site\/\",\"name\":\"FSRM\",\"description\":\"Formation continue, cours de perfectionnement professionnel et organisation d&#039;\u00e9v\u00e9nements.\",\"publisher\":{\"@id\":\"https:\/\/fsrm.ch\/site\/#organization\"},\"potentialAction\":[{\"@type\":\"SearchAction\",\"target\":{\"@type\":\"EntryPoint\",\"urlTemplate\":\"https:\/\/fsrm.ch\/site\/?s={search_term_string}\"},\"query-input\":{\"@type\":\"PropertyValueSpecification\",\"valueRequired\":true,\"valueName\":\"search_term_string\"}}],\"inLanguage\":\"en-US\"},{\"@type\":\"Organization\",\"@id\":\"https:\/\/fsrm.ch\/site\/#organization\",\"name\":\"FSRM\",\"url\":\"https:\/\/fsrm.ch\/site\/\",\"logo\":{\"@type\":\"ImageObject\",\"inLanguage\":\"en-US\",\"@id\":\"https:\/\/fsrm.ch\/site\/#\/schema\/logo\/image\/\",\"url\":\"https:\/\/fsrm.ch\/site\/wp-content\/uploads\/2025\/05\/fsrm-logo.png\",\"contentUrl\":\"https:\/\/fsrm.ch\/site\/wp-content\/uploads\/2025\/05\/fsrm-logo.png\",\"width\":1000,\"height\":539,\"caption\":\"FSRM\"},\"image\":{\"@id\":\"https:\/\/fsrm.ch\/site\/#\/schema\/logo\/image\/\"},\"sameAs\":[\"https:\/\/www.facebook.com\/fsrm.ch\",\"https:\/\/www.linkedin.com\/company\/fsrm-swiss-foundation-for-research-in-microtechnology\",\"https:\/\/www.youtube.com\/user\/fsrmch\"]}]}<\/script>\n<!-- \/ Yoast SEO plugin. -->","yoast_head_json":{"title":"dissemination_d - FSRM","description":"Partner f\u00fcr Verbreitung, Kommunikation und Verwertung in EU-Forschungsprojekten (Horizon Europe), mit garantierter Expertise und Wirkung","robots":{"index":"index","follow":"follow","max-snippet":"max-snippet:-1","max-image-preview":"max-image-preview:large","max-video-preview":"max-video-preview:-1"},"canonical":"https:\/\/fsrm.ch\/site\/de\/dissemination_de\/","og_locale":"en_US","og_type":"article","og_title":"dissemination_d - FSRM","og_description":"Partner f\u00fcr Verbreitung, Kommunikation und Verwertung in EU-Forschungsprojekten (Horizon Europe), mit garantierter Expertise und Wirkung","og_url":"https:\/\/fsrm.ch\/site\/de\/dissemination_de\/","og_site_name":"FSRM","article_publisher":"https:\/\/www.facebook.com\/fsrm.ch","article_modified_time":"2025-06-12T12:07:37+00:00","og_image":[{"url":"https:\/\/fsrm.ch\/site\/wp-content\/uploads\/2018\/04\/porte_voix-1-768x357.jpg","type":"","width":"","height":""}],"twitter_card":"summary_large_image","twitter_misc":{"Est. reading time":"2 minutes"},"schema":{"@context":"https:\/\/schema.org","@graph":[{"@type":"WebPage","@id":"https:\/\/fsrm.ch\/site\/de\/dissemination_de\/","url":"https:\/\/fsrm.ch\/site\/de\/dissemination_de\/","name":"dissemination_d - FSRM","isPartOf":{"@id":"https:\/\/fsrm.ch\/site\/#website"},"primaryImageOfPage":{"@id":"https:\/\/fsrm.ch\/site\/de\/dissemination_de\/#primaryimage"},"image":{"@id":"https:\/\/fsrm.ch\/site\/de\/dissemination_de\/#primaryimage"},"thumbnailUrl":"https:\/\/fsrm.ch\/site\/wp-content\/uploads\/2018\/04\/porte_voix-1-768x357.jpg","datePublished":"2018-07-25T06:57:53+00:00","dateModified":"2025-06-12T12:07:37+00:00","description":"Partner f\u00fcr Verbreitung, Kommunikation und Verwertung in EU-Forschungsprojekten (Horizon Europe), mit garantierter Expertise und Wirkung","breadcrumb":{"@id":"https:\/\/fsrm.ch\/site\/de\/dissemination_de\/#breadcrumb"},"inLanguage":"en-US","potentialAction":[{"@type":"ReadAction","target":["https:\/\/fsrm.ch\/site\/de\/dissemination_de\/"]}]},{"@type":"ImageObject","inLanguage":"en-US","@id":"https:\/\/fsrm.ch\/site\/de\/dissemination_de\/#primaryimage","url":"https:\/\/fsrm.ch\/site\/wp-content\/uploads\/2018\/04\/porte_voix-1.jpg","contentUrl":"https:\/\/fsrm.ch\/site\/wp-content\/uploads\/2018\/04\/porte_voix-1.jpg","width":1441,"height":669,"caption":"Diss\u00e9mination"},{"@type":"BreadcrumbList","@id":"https:\/\/fsrm.ch\/site\/de\/dissemination_de\/#breadcrumb","itemListElement":[{"@type":"ListItem","position":1,"name":"Home","item":"https:\/\/fsrm.ch\/site\/"},{"@type":"ListItem","position":2,"name":"dissemination_d"}]},{"@type":"WebSite","@id":"https:\/\/fsrm.ch\/site\/#website","url":"https:\/\/fsrm.ch\/site\/","name":"FSRM","description":"Formation continue, cours de perfectionnement professionnel et organisation d&#039;\u00e9v\u00e9nements.","publisher":{"@id":"https:\/\/fsrm.ch\/site\/#organization"},"potentialAction":[{"@type":"SearchAction","target":{"@type":"EntryPoint","urlTemplate":"https:\/\/fsrm.ch\/site\/?s={search_term_string}"},"query-input":{"@type":"PropertyValueSpecification","valueRequired":true,"valueName":"search_term_string"}}],"inLanguage":"en-US"},{"@type":"Organization","@id":"https:\/\/fsrm.ch\/site\/#organization","name":"FSRM","url":"https:\/\/fsrm.ch\/site\/","logo":{"@type":"ImageObject","inLanguage":"en-US","@id":"https:\/\/fsrm.ch\/site\/#\/schema\/logo\/image\/","url":"https:\/\/fsrm.ch\/site\/wp-content\/uploads\/2025\/05\/fsrm-logo.png","contentUrl":"https:\/\/fsrm.ch\/site\/wp-content\/uploads\/2025\/05\/fsrm-logo.png","width":1000,"height":539,"caption":"FSRM"},"image":{"@id":"https:\/\/fsrm.ch\/site\/#\/schema\/logo\/image\/"},"sameAs":["https:\/\/www.facebook.com\/fsrm.ch","https:\/\/www.linkedin.com\/company\/fsrm-swiss-foundation-for-research-in-microtechnology","https:\/\/www.youtube.com\/user\/fsrmch"]}]}},"_links":{"self":[{"href":"https:\/\/fsrm.ch\/site\/wp-json\/wp\/v2\/pages\/1818","targetHints":{"allow":["GET"]}}],"collection":[{"href":"https:\/\/fsrm.ch\/site\/wp-json\/wp\/v2\/pages"}],"about":[{"href":"https:\/\/fsrm.ch\/site\/wp-json\/wp\/v2\/types\/page"}],"author":[{"embeddable":true,"href":"https:\/\/fsrm.ch\/site\/wp-json\/wp\/v2\/users\/6"}],"replies":[{"embeddable":true,"href":"https:\/\/fsrm.ch\/site\/wp-json\/wp\/v2\/comments?post=1818"}],"version-history":[{"count":58,"href":"https:\/\/fsrm.ch\/site\/wp-json\/wp\/v2\/pages\/1818\/revisions"}],"predecessor-version":[{"id":8004,"href":"https:\/\/fsrm.ch\/site\/wp-json\/wp\/v2\/pages\/1818\/revisions\/8004"}],"wp:attachment":[{"href":"https:\/\/fsrm.ch\/site\/wp-json\/wp\/v2\/media?parent=1818"}],"curies":[{"name":"wp","href":"https:\/\/api.w.org\/{rel}","templated":true}]}}