{"id":251,"date":"2018-04-18T08:50:56","date_gmt":"2018-04-18T08:50:56","guid":{"rendered":"http:\/\/fsrm.ch\/site\/?page_id=251"},"modified":"2024-01-22T06:34:55","modified_gmt":"2024-01-22T06:34:55","slug":"secretariat-dassociation-2","status":"publish","type":"page","link":"https:\/\/fsrm.ch\/site\/secretariat-dassociation-2\/","title":{"rendered":"secr\u00e9tariat d&#8217;association"},"content":{"rendered":"\t\t<div data-elementor-type=\"wp-post\" data-elementor-id=\"251\" class=\"elementor elementor-251\" data-elementor-post-type=\"page\">\n\t\t\t\t\t\t<section class=\"elementor-section elementor-top-section elementor-element elementor-element-7a83ede6 elementor-section-stretched elementor-section-full_width elementor-section-content-middle elementor-section-height-default elementor-section-height-default\" data-id=\"7a83ede6\" data-element_type=\"section\" data-settings=\"{&quot;stretch_section&quot;:&quot;section-stretched&quot;}\">\n\t\t\t\t\t\t<div class=\"elementor-container elementor-column-gap-default\">\n\t\t\t\t\t<div class=\"elementor-column elementor-col-100 elementor-top-column elementor-element elementor-element-33d7f74\" data-id=\"33d7f74\" data-element_type=\"column\" data-settings=\"{&quot;background_background&quot;:&quot;classic&quot;}\">\n\t\t\t<div class=\"elementor-widget-wrap elementor-element-populated\">\n\t\t\t\t\t\t<div class=\"elementor-element elementor-element-6846267 elementor-widget elementor-widget-image\" data-id=\"6846267\" data-element_type=\"widget\" data-widget_type=\"image.default\">\n\t\t\t\t<div class=\"elementor-widget-container\">\n\t\t\t\t\t\t\t\t\t\t\t\t\t\t\t<img fetchpriority=\"high\" decoding=\"async\" width=\"768\" height=\"357\" src=\"https:\/\/fsrm.ch\/site\/wp-content\/uploads\/2018\/06\/groupe_travail-1-768x357.jpg\" class=\"attachment-medium_large size-medium_large wp-image-1370\" alt=\"Services d&#039;appuis logistiques et administratifs\" srcset=\"https:\/\/fsrm.ch\/site\/wp-content\/uploads\/2018\/06\/groupe_travail-1-768x357.jpg 768w, https:\/\/fsrm.ch\/site\/wp-content\/uploads\/2018\/06\/groupe_travail-1-300x139.jpg 300w, https:\/\/fsrm.ch\/site\/wp-content\/uploads\/2018\/06\/groupe_travail-1-1024x475.jpg 1024w, https:\/\/fsrm.ch\/site\/wp-content\/uploads\/2018\/06\/groupe_travail-1.jpg 1441w\" sizes=\"(max-width: 768px) 100vw, 768px\" \/>\t\t\t\t\t\t\t\t\t\t\t\t\t\t\t<\/div>\n\t\t\t\t<\/div>\n\t\t\t\t\t<\/div>\n\t\t<\/div>\n\t\t\t\t\t<\/div>\n\t\t<\/section>\n\t\t\t\t<section class=\"elementor-section elementor-top-section elementor-element elementor-element-3713f3d3 elementor-section-stretched elementor-section-content-middle elementor-section-boxed elementor-section-height-default elementor-section-height-default\" data-id=\"3713f3d3\" data-element_type=\"section\" data-settings=\"{&quot;stretch_section&quot;:&quot;section-stretched&quot;}\">\n\t\t\t\t\t\t<div class=\"elementor-container elementor-column-gap-default\">\n\t\t\t\t\t<div class=\"elementor-column elementor-col-100 elementor-top-column elementor-element elementor-element-6a8bf281\" data-id=\"6a8bf281\" data-element_type=\"column\">\n\t\t\t<div class=\"elementor-widget-wrap elementor-element-populated\">\n\t\t\t\t\t\t<div class=\"elementor-element elementor-element-25e5b5dd elementor-widget elementor-widget-heading\" data-id=\"25e5b5dd\" data-element_type=\"widget\" data-widget_type=\"heading.default\">\n\t\t\t\t<div class=\"elementor-widget-container\">\n\t\t\t\t\t<h2 class=\"elementor-heading-title elementor-size-default\">secr\u00e9tariat d'associations<\/h2>\t\t\t\t<\/div>\n\t\t\t\t<\/div>\n\t\t\t\t<div class=\"elementor-element elementor-element-66ce50b elementor-widget elementor-widget-text-editor\" data-id=\"66ce50b\" data-element_type=\"widget\" data-widget_type=\"text-editor.default\">\n\t\t\t\t<div class=\"elementor-widget-container\">\n\t\t\t\t\t\t\t\t\t<p>Avez-vous besoin d&#8217;un appui pour<\/p><p>\u2013 organiser un s\u00e9minaire ou un congr\u00e8s?<br \/>\u2013 conduire le secr\u00e9tariat d\u2019une association professionnelle ou d&#8217;un projet du domaine technique?<br \/>\u2013 mettre en place un partenariat ou g\u00e9rer un projet coop\u00e9ratif ?<br \/>\u2013 conduire une \u00e9tude ou une expertise dans le domaine des micro et nanotechnologies ?<\/p>\t\t\t\t\t\t\t\t<\/div>\n\t\t\t\t<\/div>\n\t\t\t\t<div class=\"elementor-element elementor-element-26c33796 elementor-widget elementor-widget-heading\" data-id=\"26c33796\" data-element_type=\"widget\" data-widget_type=\"heading.default\">\n\t\t\t\t<div class=\"elementor-widget-container\">\n\t\t\t\t\t<h2 class=\"elementor-heading-title elementor-size-default\">Organisation de s\u00e9minaires et de congr\u00e8s<\/h2>\t\t\t\t<\/div>\n\t\t\t\t<\/div>\n\t\t\t\t<div class=\"elementor-element elementor-element-425281ae elementor-widget elementor-widget-text-editor\" data-id=\"425281ae\" data-element_type=\"widget\" data-widget_type=\"text-editor.default\">\n\t\t\t\t<div class=\"elementor-widget-container\">\n\t\t\t\t\t\t\t\t\t<p>La FSRM organise des congr\u00e8s et rencontres scientifiques. Une \u00e9quipe\u00a0comp\u00e9tente et des outils parfaitement rod\u00e9s assurent le d\u00e9roulement\u00a0optimal de ces \u00e9v\u00e8nements.<\/p>\t\t\t\t\t\t\t\t<\/div>\n\t\t\t\t<\/div>\n\t\t\t\t<div class=\"elementor-element elementor-element-3676c7c9 elementor-widget elementor-widget-heading\" data-id=\"3676c7c9\" data-element_type=\"widget\" data-widget_type=\"heading.default\">\n\t\t\t\t<div class=\"elementor-widget-container\">\n\t\t\t\t\t<h2 class=\"elementor-heading-title elementor-size-default\">Secr\u00e9tariats<\/h2>\t\t\t\t<\/div>\n\t\t\t\t<\/div>\n\t\t\t\t<div class=\"elementor-element elementor-element-138804b elementor-widget elementor-widget-text-editor\" data-id=\"138804b\" data-element_type=\"widget\" data-widget_type=\"text-editor.default\">\n\t\t\t\t<div class=\"elementor-widget-container\">\n\t\t\t\t\t\t\t\t\t<div><div>Nous fournissons des services d&#8217;appuis logistiques et administratifs\u00a0\u00e0 des associations professionnelles ou dans le cadre d&#8217;initiatives et\u00a0de projets\u00a0du domaine technique.<\/div><\/div>\t\t\t\t\t\t\t\t<\/div>\n\t\t\t\t<\/div>\n\t\t\t\t<div class=\"elementor-element elementor-element-6a474fc8 elementor-widget elementor-widget-heading\" data-id=\"6a474fc8\" data-element_type=\"widget\" data-widget_type=\"heading.default\">\n\t\t\t\t<div class=\"elementor-widget-container\">\n\t\t\t\t\t<h2 class=\"elementor-heading-title elementor-size-default\">Gestion de projets multipartenaires<\/h2>\t\t\t\t<\/div>\n\t\t\t\t<\/div>\n\t\t\t\t<div class=\"elementor-element elementor-element-7a895813 elementor-widget elementor-widget-text-editor\" data-id=\"7a895813\" data-element_type=\"widget\" data-widget_type=\"text-editor.default\">\n\t\t\t\t<div class=\"elementor-widget-container\">\n\t\t\t\t\t\t\t\t\t<div><div>La FSRM \u00e9tablit des partenariats, met en place et assure le suivi de\u00a0projets coop\u00e9ratifs. En tant qu&#8217;institution ind\u00e9pendante et neutre nous\u00a0jouissons d&#8217;un vaste r\u00e9seau de relations.<\/div><\/div>\t\t\t\t\t\t\t\t<\/div>\n\t\t\t\t<\/div>\n\t\t\t\t<div class=\"elementor-element elementor-element-3b6cdfc elementor-widget elementor-widget-heading\" data-id=\"3b6cdfc\" data-element_type=\"widget\" data-widget_type=\"heading.default\">\n\t\t\t\t<div class=\"elementor-widget-container\">\n\t\t\t\t\t<h2 class=\"elementor-heading-title elementor-size-default\">Etudes et Expertises<\/h2>\t\t\t\t<\/div>\n\t\t\t\t<\/div>\n\t\t\t\t<div class=\"elementor-element elementor-element-34ebb9f elementor-widget elementor-widget-text-editor\" data-id=\"34ebb9f\" data-element_type=\"widget\" data-widget_type=\"text-editor.default\">\n\t\t\t\t<div class=\"elementor-widget-container\">\n\t\t\t\t\t\t\t\t\t<div><div>Forte de sa connaissance approfondie des milieux micro et\u00a0nanotechnologiques et gr\u00e2ce \u00e0 sa neutralit\u00e9, la FSRM assume des mandats\u00a0d&#8217;\u00e9tudes,\u00a0d&#8217;expertises et de conseil.<\/div><\/div>\t\t\t\t\t\t\t\t<\/div>\n\t\t\t\t<\/div>\n\t\t\t\t<div class=\"elementor-element elementor-element-03fc972 elementor-widget elementor-widget-heading\" data-id=\"03fc972\" data-element_type=\"widget\" data-widget_type=\"heading.default\">\n\t\t\t\t<div class=\"elementor-widget-container\">\n\t\t\t\t\t<h2 class=\"elementor-heading-title elementor-size-default\">Participation \u00e0 des r\u00e9seaux et groupements<\/h2>\t\t\t\t<\/div>\n\t\t\t\t<\/div>\n\t\t\t\t<div class=\"elementor-element elementor-element-83ed31b elementor-widget elementor-widget-text-editor\" data-id=\"83ed31b\" data-element_type=\"widget\" data-widget_type=\"text-editor.default\">\n\t\t\t\t<div class=\"elementor-widget-container\">\n\t\t\t\t\t\t\t\t\t<div><div><div><div><div><p>La FSRM reste aux avant postes de l&#8217;actualit\u00e9 scientifique et\u00a0\u00e9conomique en participant aux travaux de nombreux groupements et projets\u00a0coop\u00e9ratifs.<\/p><p><span style=\"text-decoration: underline;\"><a href=\"mailto:fsrm@fsrm.ch\">Contactez-nous<\/a><\/span> pour plus de renseignements ou une offre sans engagement.<\/p><\/div><\/div><\/div><\/div><\/div>\t\t\t\t\t\t\t\t<\/div>\n\t\t\t\t<\/div>\n\t\t\t\t\t<\/div>\n\t\t<\/div>\n\t\t\t\t\t<\/div>\n\t\t<\/section>\n\t\t\t\t<\/div>\n\t\t","protected":false},"excerpt":{"rendered":"<p>secr\u00e9tariat d&#8217;associations Avez-vous besoin d&#8217;un appui pour \u2013 organiser un s\u00e9minaire ou un congr\u00e8s?\u2013 conduire le secr\u00e9tariat d\u2019une association professionnelle ou d&#8217;un projet du domaine technique?\u2013 mettre en place un partenariat ou g\u00e9rer un projet coop\u00e9ratif ?\u2013 conduire une \u00e9tude ou une expertise dans le domaine des micro et nanotechnologies ? Organisation de s\u00e9minaires et [&hellip;]<\/p>\n","protected":false},"author":3,"featured_media":0,"parent":0,"menu_order":0,"comment_status":"closed","ping_status":"closed","template":"","meta":{"footnotes":""},"class_list":["post-251","page","type-page","status-publish","hentry"],"yoast_head":"<!-- This site is optimized with the Yoast SEO plugin v25.4 - https:\/\/yoast.com\/wordpress\/plugins\/seo\/ -->\n<title>secr\u00e9tariat d&#039;association - FSRM<\/title>\n<meta name=\"robots\" content=\"index, follow, max-snippet:-1, max-image-preview:large, max-video-preview:-1\" \/>\n<link rel=\"canonical\" href=\"https:\/\/fsrm.ch\/site\/secretariat-dassociation-2\/\" \/>\n<meta property=\"og:locale\" content=\"en_US\" \/>\n<meta property=\"og:type\" content=\"article\" \/>\n<meta property=\"og:title\" content=\"secr\u00e9tariat d&#039;association - FSRM\" \/>\n<meta property=\"og:description\" content=\"secr\u00e9tariat d&#8217;associations Avez-vous besoin d&#8217;un appui pour \u2013 organiser un s\u00e9minaire ou un congr\u00e8s?\u2013 conduire le secr\u00e9tariat d\u2019une association professionnelle ou d&#8217;un projet du domaine technique?\u2013 mettre en place un partenariat ou g\u00e9rer un projet coop\u00e9ratif ?\u2013 conduire une \u00e9tude ou une expertise dans le domaine des micro et nanotechnologies ? Organisation de s\u00e9minaires et [&hellip;]\" \/>\n<meta property=\"og:url\" content=\"https:\/\/fsrm.ch\/site\/secretariat-dassociation-2\/\" \/>\n<meta property=\"og:site_name\" content=\"FSRM\" \/>\n<meta property=\"article:publisher\" content=\"https:\/\/www.facebook.com\/fsrm.ch\" \/>\n<meta property=\"article:modified_time\" content=\"2024-01-22T06:34:55+00:00\" \/>\n<meta property=\"og:image\" content=\"https:\/\/fsrm.ch\/site\/wp-content\/uploads\/2018\/06\/groupe_travail-1-768x357.jpg\" \/>\n<meta name=\"twitter:card\" content=\"summary_large_image\" \/>\n<meta name=\"twitter:label1\" content=\"Est. reading time\" \/>\n\t<meta name=\"twitter:data1\" content=\"1 minute\" \/>\n<script type=\"application\/ld+json\" class=\"yoast-schema-graph\">{\"@context\":\"https:\/\/schema.org\",\"@graph\":[{\"@type\":\"WebPage\",\"@id\":\"https:\/\/fsrm.ch\/site\/secretariat-dassociation-2\/\",\"url\":\"https:\/\/fsrm.ch\/site\/secretariat-dassociation-2\/\",\"name\":\"secr\u00e9tariat d'association - FSRM\",\"isPartOf\":{\"@id\":\"https:\/\/fsrm.ch\/site\/#website\"},\"primaryImageOfPage\":{\"@id\":\"https:\/\/fsrm.ch\/site\/secretariat-dassociation-2\/#primaryimage\"},\"image\":{\"@id\":\"https:\/\/fsrm.ch\/site\/secretariat-dassociation-2\/#primaryimage\"},\"thumbnailUrl\":\"https:\/\/fsrm.ch\/site\/wp-content\/uploads\/2018\/06\/groupe_travail-1-768x357.jpg\",\"datePublished\":\"2018-04-18T08:50:56+00:00\",\"dateModified\":\"2024-01-22T06:34:55+00:00\",\"breadcrumb\":{\"@id\":\"https:\/\/fsrm.ch\/site\/secretariat-dassociation-2\/#breadcrumb\"},\"inLanguage\":\"en-US\",\"potentialAction\":[{\"@type\":\"ReadAction\",\"target\":[\"https:\/\/fsrm.ch\/site\/secretariat-dassociation-2\/\"]}]},{\"@type\":\"ImageObject\",\"inLanguage\":\"en-US\",\"@id\":\"https:\/\/fsrm.ch\/site\/secretariat-dassociation-2\/#primaryimage\",\"url\":\"https:\/\/fsrm.ch\/site\/wp-content\/uploads\/2018\/06\/groupe_travail-1.jpg\",\"contentUrl\":\"https:\/\/fsrm.ch\/site\/wp-content\/uploads\/2018\/06\/groupe_travail-1.jpg\",\"width\":1441,\"height\":669,\"caption\":\"Services d'appuis logistiques et administratifs\"},{\"@type\":\"BreadcrumbList\",\"@id\":\"https:\/\/fsrm.ch\/site\/secretariat-dassociation-2\/#breadcrumb\",\"itemListElement\":[{\"@type\":\"ListItem\",\"position\":1,\"name\":\"Home\",\"item\":\"https:\/\/fsrm.ch\/site\/\"},{\"@type\":\"ListItem\",\"position\":2,\"name\":\"secr\u00e9tariat d&rsquo;association\"}]},{\"@type\":\"WebSite\",\"@id\":\"https:\/\/fsrm.ch\/site\/#website\",\"url\":\"https:\/\/fsrm.ch\/site\/\",\"name\":\"FSRM\",\"description\":\"Formation continue, cours de perfectionnement professionnel et organisation d&#039;\u00e9v\u00e9nements.\",\"publisher\":{\"@id\":\"https:\/\/fsrm.ch\/site\/#organization\"},\"potentialAction\":[{\"@type\":\"SearchAction\",\"target\":{\"@type\":\"EntryPoint\",\"urlTemplate\":\"https:\/\/fsrm.ch\/site\/?s={search_term_string}\"},\"query-input\":{\"@type\":\"PropertyValueSpecification\",\"valueRequired\":true,\"valueName\":\"search_term_string\"}}],\"inLanguage\":\"en-US\"},{\"@type\":\"Organization\",\"@id\":\"https:\/\/fsrm.ch\/site\/#organization\",\"name\":\"FSRM\",\"url\":\"https:\/\/fsrm.ch\/site\/\",\"logo\":{\"@type\":\"ImageObject\",\"inLanguage\":\"en-US\",\"@id\":\"https:\/\/fsrm.ch\/site\/#\/schema\/logo\/image\/\",\"url\":\"https:\/\/fsrm.ch\/site\/wp-content\/uploads\/2025\/05\/fsrm-logo.png\",\"contentUrl\":\"https:\/\/fsrm.ch\/site\/wp-content\/uploads\/2025\/05\/fsrm-logo.png\",\"width\":1000,\"height\":539,\"caption\":\"FSRM\"},\"image\":{\"@id\":\"https:\/\/fsrm.ch\/site\/#\/schema\/logo\/image\/\"},\"sameAs\":[\"https:\/\/www.facebook.com\/fsrm.ch\",\"https:\/\/www.linkedin.com\/company\/fsrm-swiss-foundation-for-research-in-microtechnology\",\"https:\/\/www.youtube.com\/user\/fsrmch\"]}]}<\/script>\n<!-- \/ Yoast SEO plugin. -->","yoast_head_json":{"title":"secr\u00e9tariat d'association - FSRM","robots":{"index":"index","follow":"follow","max-snippet":"max-snippet:-1","max-image-preview":"max-image-preview:large","max-video-preview":"max-video-preview:-1"},"canonical":"https:\/\/fsrm.ch\/site\/secretariat-dassociation-2\/","og_locale":"en_US","og_type":"article","og_title":"secr\u00e9tariat d'association - FSRM","og_description":"secr\u00e9tariat d&#8217;associations Avez-vous besoin d&#8217;un appui pour \u2013 organiser un s\u00e9minaire ou un congr\u00e8s?\u2013 conduire le secr\u00e9tariat d\u2019une association professionnelle ou d&#8217;un projet du domaine technique?\u2013 mettre en place un partenariat ou g\u00e9rer un projet coop\u00e9ratif ?\u2013 conduire une \u00e9tude ou une expertise dans le domaine des micro et nanotechnologies ? Organisation de s\u00e9minaires et [&hellip;]","og_url":"https:\/\/fsrm.ch\/site\/secretariat-dassociation-2\/","og_site_name":"FSRM","article_publisher":"https:\/\/www.facebook.com\/fsrm.ch","article_modified_time":"2024-01-22T06:34:55+00:00","og_image":[{"url":"https:\/\/fsrm.ch\/site\/wp-content\/uploads\/2018\/06\/groupe_travail-1-768x357.jpg","type":"","width":"","height":""}],"twitter_card":"summary_large_image","twitter_misc":{"Est. reading time":"1 minute"},"schema":{"@context":"https:\/\/schema.org","@graph":[{"@type":"WebPage","@id":"https:\/\/fsrm.ch\/site\/secretariat-dassociation-2\/","url":"https:\/\/fsrm.ch\/site\/secretariat-dassociation-2\/","name":"secr\u00e9tariat d'association - FSRM","isPartOf":{"@id":"https:\/\/fsrm.ch\/site\/#website"},"primaryImageOfPage":{"@id":"https:\/\/fsrm.ch\/site\/secretariat-dassociation-2\/#primaryimage"},"image":{"@id":"https:\/\/fsrm.ch\/site\/secretariat-dassociation-2\/#primaryimage"},"thumbnailUrl":"https:\/\/fsrm.ch\/site\/wp-content\/uploads\/2018\/06\/groupe_travail-1-768x357.jpg","datePublished":"2018-04-18T08:50:56+00:00","dateModified":"2024-01-22T06:34:55+00:00","breadcrumb":{"@id":"https:\/\/fsrm.ch\/site\/secretariat-dassociation-2\/#breadcrumb"},"inLanguage":"en-US","potentialAction":[{"@type":"ReadAction","target":["https:\/\/fsrm.ch\/site\/secretariat-dassociation-2\/"]}]},{"@type":"ImageObject","inLanguage":"en-US","@id":"https:\/\/fsrm.ch\/site\/secretariat-dassociation-2\/#primaryimage","url":"https:\/\/fsrm.ch\/site\/wp-content\/uploads\/2018\/06\/groupe_travail-1.jpg","contentUrl":"https:\/\/fsrm.ch\/site\/wp-content\/uploads\/2018\/06\/groupe_travail-1.jpg","width":1441,"height":669,"caption":"Services d'appuis logistiques et administratifs"},{"@type":"BreadcrumbList","@id":"https:\/\/fsrm.ch\/site\/secretariat-dassociation-2\/#breadcrumb","itemListElement":[{"@type":"ListItem","position":1,"name":"Home","item":"https:\/\/fsrm.ch\/site\/"},{"@type":"ListItem","position":2,"name":"secr\u00e9tariat d&rsquo;association"}]},{"@type":"WebSite","@id":"https:\/\/fsrm.ch\/site\/#website","url":"https:\/\/fsrm.ch\/site\/","name":"FSRM","description":"Formation continue, cours de perfectionnement professionnel et organisation d&#039;\u00e9v\u00e9nements.","publisher":{"@id":"https:\/\/fsrm.ch\/site\/#organization"},"potentialAction":[{"@type":"SearchAction","target":{"@type":"EntryPoint","urlTemplate":"https:\/\/fsrm.ch\/site\/?s={search_term_string}"},"query-input":{"@type":"PropertyValueSpecification","valueRequired":true,"valueName":"search_term_string"}}],"inLanguage":"en-US"},{"@type":"Organization","@id":"https:\/\/fsrm.ch\/site\/#organization","name":"FSRM","url":"https:\/\/fsrm.ch\/site\/","logo":{"@type":"ImageObject","inLanguage":"en-US","@id":"https:\/\/fsrm.ch\/site\/#\/schema\/logo\/image\/","url":"https:\/\/fsrm.ch\/site\/wp-content\/uploads\/2025\/05\/fsrm-logo.png","contentUrl":"https:\/\/fsrm.ch\/site\/wp-content\/uploads\/2025\/05\/fsrm-logo.png","width":1000,"height":539,"caption":"FSRM"},"image":{"@id":"https:\/\/fsrm.ch\/site\/#\/schema\/logo\/image\/"},"sameAs":["https:\/\/www.facebook.com\/fsrm.ch","https:\/\/www.linkedin.com\/company\/fsrm-swiss-foundation-for-research-in-microtechnology","https:\/\/www.youtube.com\/user\/fsrmch"]}]}},"_links":{"self":[{"href":"https:\/\/fsrm.ch\/site\/wp-json\/wp\/v2\/pages\/251","targetHints":{"allow":["GET"]}}],"collection":[{"href":"https:\/\/fsrm.ch\/site\/wp-json\/wp\/v2\/pages"}],"about":[{"href":"https:\/\/fsrm.ch\/site\/wp-json\/wp\/v2\/types\/page"}],"author":[{"embeddable":true,"href":"https:\/\/fsrm.ch\/site\/wp-json\/wp\/v2\/users\/3"}],"replies":[{"embeddable":true,"href":"https:\/\/fsrm.ch\/site\/wp-json\/wp\/v2\/comments?post=251"}],"version-history":[{"count":31,"href":"https:\/\/fsrm.ch\/site\/wp-json\/wp\/v2\/pages\/251\/revisions"}],"predecessor-version":[{"id":5979,"href":"https:\/\/fsrm.ch\/site\/wp-json\/wp\/v2\/pages\/251\/revisions\/5979"}],"wp:attachment":[{"href":"https:\/\/fsrm.ch\/site\/wp-json\/wp\/v2\/media?parent=251"}],"curies":[{"name":"wp","href":"https:\/\/api.w.org\/{rel}","templated":true}]}}