{"id":280,"date":"2018-04-18T09:13:01","date_gmt":"2018-04-18T09:13:01","guid":{"rendered":"http:\/\/fsrm.ch\/site\/?page_id=280"},"modified":"2026-01-12T12:37:08","modified_gmt":"2026-01-12T12:37:08","slug":"charte","status":"publish","type":"page","link":"https:\/\/fsrm.ch\/site\/charte\/","title":{"rendered":"charte"},"content":{"rendered":"\t\t<div data-elementor-type=\"wp-post\" data-elementor-id=\"280\" class=\"elementor elementor-280\" data-elementor-post-type=\"page\">\n\t\t\t\t\t\t<section class=\"elementor-section elementor-top-section elementor-element elementor-element-2e904466 elementor-section-stretched elementor-section-full_width elementor-section-content-middle elementor-section-height-default elementor-section-height-default\" data-id=\"2e904466\" data-element_type=\"section\" data-settings=\"{&quot;stretch_section&quot;:&quot;section-stretched&quot;}\">\n\t\t\t\t\t\t<div class=\"elementor-container elementor-column-gap-default\">\n\t\t\t\t\t<div class=\"elementor-column elementor-col-100 elementor-top-column elementor-element elementor-element-37936ee7\" data-id=\"37936ee7\" data-element_type=\"column\" data-settings=\"{&quot;background_background&quot;:&quot;classic&quot;}\">\n\t\t\t<div class=\"elementor-widget-wrap elementor-element-populated\">\n\t\t\t\t\t\t<div class=\"elementor-element elementor-element-68f598ff elementor-widget elementor-widget-image\" data-id=\"68f598ff\" data-element_type=\"widget\" data-widget_type=\"image.default\">\n\t\t\t\t<div class=\"elementor-widget-container\">\n\t\t\t\t\t\t\t\t\t\t\t\t\t\t\t<img fetchpriority=\"high\" decoding=\"async\" width=\"768\" height=\"357\" src=\"https:\/\/fsrm.ch\/site\/wp-content\/uploads\/2018\/05\/fsrm_grande-768x357.jpg\" class=\"attachment-medium_large size-medium_large wp-image-1070\" alt=\"\" srcset=\"https:\/\/fsrm.ch\/site\/wp-content\/uploads\/2018\/05\/fsrm_grande-768x357.jpg 768w, https:\/\/fsrm.ch\/site\/wp-content\/uploads\/2018\/05\/fsrm_grande-300x139.jpg 300w, https:\/\/fsrm.ch\/site\/wp-content\/uploads\/2018\/05\/fsrm_grande-1024x475.jpg 1024w, https:\/\/fsrm.ch\/site\/wp-content\/uploads\/2018\/05\/fsrm_grande.jpg 1441w\" sizes=\"(max-width: 768px) 100vw, 768px\" \/>\t\t\t\t\t\t\t\t\t\t\t\t\t\t\t<\/div>\n\t\t\t\t<\/div>\n\t\t\t\t\t<\/div>\n\t\t<\/div>\n\t\t\t\t\t<\/div>\n\t\t<\/section>\n\t\t\t\t<section class=\"elementor-section elementor-top-section elementor-element elementor-element-64a4e25f elementor-section-stretched elementor-section-content-middle elementor-section-boxed elementor-section-height-default elementor-section-height-default\" data-id=\"64a4e25f\" data-element_type=\"section\" data-settings=\"{&quot;stretch_section&quot;:&quot;section-stretched&quot;}\">\n\t\t\t\t\t\t<div class=\"elementor-container elementor-column-gap-default\">\n\t\t\t\t\t<div class=\"elementor-column elementor-col-100 elementor-top-column elementor-element elementor-element-13b5c908\" data-id=\"13b5c908\" data-element_type=\"column\">\n\t\t\t<div class=\"elementor-widget-wrap elementor-element-populated\">\n\t\t\t\t\t\t<div class=\"elementor-element elementor-element-941bd82 elementor-widget elementor-widget-heading\" data-id=\"941bd82\" data-element_type=\"widget\" data-widget_type=\"heading.default\">\n\t\t\t\t<div class=\"elementor-widget-container\">\n\t\t\t\t\t<h2 class=\"elementor-heading-title elementor-size-default\">charte<\/h2>\t\t\t\t<\/div>\n\t\t\t\t<\/div>\n\t\t\t\t<div class=\"elementor-element elementor-element-450ea811 elementor-widget elementor-widget-text-editor\" data-id=\"450ea811\" data-element_type=\"widget\" data-widget_type=\"text-editor.default\">\n\t\t\t\t<div class=\"elementor-widget-container\">\n\t\t\t\t\t\t\t\t\t<div>Fondation de droit priv\u00e9, la FSRM a \u00e9t\u00e9 cr\u00e9\u00e9e en 1978, \u00e0 l\u2019initiative de la Conf\u00e9d\u00e9ration, de 11 cantons, 3 villes, 12 associations et 24 entreprises.<\/div>\t\t\t\t\t\t\t\t<\/div>\n\t\t\t\t<\/div>\n\t\t\t\t<div class=\"elementor-element elementor-element-4907f55c elementor-widget elementor-widget-heading\" data-id=\"4907f55c\" data-element_type=\"widget\" data-widget_type=\"heading.default\">\n\t\t\t\t<div class=\"elementor-widget-container\">\n\t\t\t\t\t<h2 class=\"elementor-heading-title elementor-size-default\">Mission<\/h2>\t\t\t\t<\/div>\n\t\t\t\t<\/div>\n\t\t\t\t<div class=\"elementor-element elementor-element-45759e76 elementor-widget elementor-widget-text-editor\" data-id=\"45759e76\" data-element_type=\"widget\" data-widget_type=\"text-editor.default\">\n\t\t\t\t<div class=\"elementor-widget-container\">\n\t\t\t\t\t\t\t\t\t<div class=\"page\" title=\"Page 1\"><div class=\"layoutArea\"><div class=\"column\"><p>Nous nous investissons dans toutes formes d\u2019initiatives permettant de valoriser et d\u2019encourager le d\u00e9veloppement de la microtechnique et des activit\u00e9s \u00e9conomiques qui en d\u00e9coulent. Nous sommes pour cela membre de groupements et d\u2019associations professionnels s\u00e9lectionn\u00e9s.<\/p><p>Nous nous engageons \u00e0 assurer le perfectionnement technique des ing\u00e9nieurs et techniciens de l\u2019industrie et des professeurs et chercheurs des instituts de recherche et formation tout au long de leur carri\u00e8re professionnelle. Nous d\u00e9veloppons pour cela des cours de formation continue de haut niveau dans les domaines qui r\u00e9pondent aux besoins de l\u2019industrie et des institutions de recherche.<\/p><p>Nous veillons \u00e0 rester aux avant-postes de l\u2019actualit\u00e9 scientifique et \u00e9conomique afin d\u2019identifier les th\u00e9matiques \u00e0 la pointe de la technique et de les inclure dans nos offres de formation. Nous participons pour cela \u00e0 des conf\u00e9rences et colloques techniques sp\u00e9cifiques.<\/p><p>Nous menons continuellement des r\u00e9flexions sur la formation et les diff\u00e9rentes fa\u00e7ons de la dispenser, en tenant compte des technologies modernes de formation.<\/p><\/div><\/div><\/div>\t\t\t\t\t\t\t\t<\/div>\n\t\t\t\t<\/div>\n\t\t\t\t<div class=\"elementor-element elementor-element-283264a8 elementor-widget elementor-widget-heading\" data-id=\"283264a8\" data-element_type=\"widget\" data-widget_type=\"heading.default\">\n\t\t\t\t<div class=\"elementor-widget-container\">\n\t\t\t\t\t<h2 class=\"elementor-heading-title elementor-size-default\">Engagement<\/h2>\t\t\t\t<\/div>\n\t\t\t\t<\/div>\n\t\t\t\t<div class=\"elementor-element elementor-element-2b04aa7b elementor-widget elementor-widget-text-editor\" data-id=\"2b04aa7b\" data-element_type=\"widget\" data-widget_type=\"text-editor.default\">\n\t\t\t\t<div class=\"elementor-widget-container\">\n\t\t\t\t\t\t\t\t\t<div class=\"page\" title=\"Page 1\"><div class=\"layoutArea\"><div class=\"column\"><p>Nous recrutons pour l\u2019enseignement de nos cours des sp\u00e9cialistes externes reconnus pouvant faire valoir d\u2019une grande exp\u00e9rience dans les domaines trait\u00e9s. Nous veillons \u00e0 ce qu\u2019ils transmettent des connaissances applicables imm\u00e9diatement dans la pratique professionnelle des participants.<\/p><p>Nous nous engageons \u00e0 r\u00e9unir les meilleures conditions cadres pour assurer le bon d\u00e9roulement des formations et autres \u00e9v\u00e9nements que nous organisons, dans une atmosph\u00e8re agr\u00e9able, propice au transfert de connaissances.<\/p><p>Nous soignons pour cela tout particuli\u00e8rement l\u2019accueil des participants et des enseignants. Nous veillons au bien-\u00eatre de nos propres collaborateurs en leur proposant des conditions de travail agr\u00e9ables et motivantes.<\/p><p>Nous veillons \u00e0 la tenue de ces engagements au travers des questionnaires d\u2019\u00e9valuation et des discussions avec les participants et les enseignants.<\/p><\/div><\/div><\/div>\t\t\t\t\t\t\t\t<\/div>\n\t\t\t\t<\/div>\n\t\t\t\t<div class=\"elementor-element elementor-element-2e8fd7f3 elementor-widget elementor-widget-heading\" data-id=\"2e8fd7f3\" data-element_type=\"widget\" data-widget_type=\"heading.default\">\n\t\t\t\t<div class=\"elementor-widget-container\">\n\t\t\t\t\t<h2 class=\"elementor-heading-title elementor-size-default\">Responsabilit\u00e9<\/h2>\t\t\t\t<\/div>\n\t\t\t\t<\/div>\n\t\t\t\t<div class=\"elementor-element elementor-element-6ccc8b79 elementor-widget elementor-widget-text-editor\" data-id=\"6ccc8b79\" data-element_type=\"widget\" data-widget_type=\"text-editor.default\">\n\t\t\t\t<div class=\"elementor-widget-container\">\n\t\t\t\t\t\t\t\t\t<div class=\"page\" title=\"Page 1\"><div class=\"layoutArea\"><div class=\"column\"><p>Nous nous engageons \u00e0 transmettre dans nos formations des connaissances techniques respectueuses des valeurs \u00e9thiques de l\u2019ing\u00e9nieur. Les enseignants s\u2019engagent \u00e0 \u00eatre respectueux des valeurs et id\u00e9es des participants et de garantir la confidentialit\u00e9 des \u00e9changes durant le cours.<\/p><p>Nous veillons \u00e0 la finalit\u00e9 des projets dans lesquels nous nous investissons. Ils doivent viser le d\u00e9veloppement d\u2019applications de la microtechnique responsables du point de vue de leur impact sur la soci\u00e9t\u00e9, par exemple les applications m\u00e9dicales et environnementales.<\/p><p>Nous favorisons tout particuli\u00e8rement les projets qui permettent de susciter l\u2019int\u00e9r\u00eat des jeunes et d\u2019assurer la rel\u00e8ve des ing\u00e9nieurs. C\u2019est le cas de l\u2019initiative FSRM-kids.<\/p><\/div><\/div><\/div>\t\t\t\t\t\t\t\t<\/div>\n\t\t\t\t<\/div>\n\t\t\t\t<div class=\"elementor-element elementor-element-f86aacc elementor-widget elementor-widget-text-editor\" data-id=\"f86aacc\" data-element_type=\"widget\" data-widget_type=\"text-editor.default\">\n\t\t\t\t<div class=\"elementor-widget-container\">\n\t\t\t\t\t\t\t\t\t<p style=\"text-align: right;\">Sebastian Gautsch, Directeur<br>12.01.2026<\/p>\t\t\t\t\t\t\t\t<\/div>\n\t\t\t\t<\/div>\n\t\t\t\t\t<\/div>\n\t\t<\/div>\n\t\t\t\t\t<\/div>\n\t\t<\/section>\n\t\t\t\t<\/div>\n\t\t","protected":false},"excerpt":{"rendered":"<p>charte Fondation de droit priv\u00e9, la FSRM a \u00e9t\u00e9 cr\u00e9\u00e9e en 1978, \u00e0 l\u2019initiative de la Conf\u00e9d\u00e9ration, de 11 cantons, 3 villes, 12 associations et 24 entreprises. Mission Nous nous investissons dans toutes formes d\u2019initiatives permettant de valoriser et d\u2019encourager le d\u00e9veloppement de la microtechnique et des activit\u00e9s \u00e9conomiques qui en d\u00e9coulent. Nous sommes pour [&hellip;]<\/p>\n","protected":false},"author":3,"featured_media":0,"parent":0,"menu_order":0,"comment_status":"closed","ping_status":"closed","template":"","meta":{"footnotes":""},"class_list":["post-280","page","type-page","status-publish","hentry"],"yoast_head":"<!-- This site is optimized with the Yoast SEO plugin v25.4 - https:\/\/yoast.com\/wordpress\/plugins\/seo\/ -->\n<title>charte - FSRM<\/title>\n<meta name=\"robots\" content=\"index, follow, max-snippet:-1, max-image-preview:large, max-video-preview:-1\" \/>\n<link rel=\"canonical\" href=\"https:\/\/fsrm.ch\/site\/charte\/\" \/>\n<meta property=\"og:locale\" content=\"en_US\" \/>\n<meta property=\"og:type\" content=\"article\" \/>\n<meta property=\"og:title\" content=\"charte - FSRM\" \/>\n<meta property=\"og:description\" content=\"charte Fondation de droit priv\u00e9, la FSRM a \u00e9t\u00e9 cr\u00e9\u00e9e en 1978, \u00e0 l\u2019initiative de la Conf\u00e9d\u00e9ration, de 11 cantons, 3 villes, 12 associations et 24 entreprises. Mission Nous nous investissons dans toutes formes d\u2019initiatives permettant de valoriser et d\u2019encourager le d\u00e9veloppement de la microtechnique et des activit\u00e9s \u00e9conomiques qui en d\u00e9coulent. Nous sommes pour [&hellip;]\" \/>\n<meta property=\"og:url\" content=\"https:\/\/fsrm.ch\/site\/charte\/\" \/>\n<meta property=\"og:site_name\" content=\"FSRM\" \/>\n<meta property=\"article:publisher\" content=\"https:\/\/www.facebook.com\/fsrm.ch\" \/>\n<meta property=\"article:modified_time\" content=\"2026-01-12T12:37:08+00:00\" \/>\n<meta property=\"og:image\" content=\"https:\/\/fsrm.ch\/site\/wp-content\/uploads\/2018\/05\/fsrm_grande.jpg\" \/>\n\t<meta property=\"og:image:width\" content=\"1441\" \/>\n\t<meta property=\"og:image:height\" content=\"669\" \/>\n\t<meta property=\"og:image:type\" content=\"image\/jpeg\" \/>\n<meta name=\"twitter:card\" content=\"summary_large_image\" \/>\n<meta name=\"twitter:label1\" content=\"Est. reading time\" \/>\n\t<meta name=\"twitter:data1\" content=\"3 minutes\" \/>\n<script type=\"application\/ld+json\" class=\"yoast-schema-graph\">{\"@context\":\"https:\/\/schema.org\",\"@graph\":[{\"@type\":\"WebPage\",\"@id\":\"https:\/\/fsrm.ch\/site\/charte\/\",\"url\":\"https:\/\/fsrm.ch\/site\/charte\/\",\"name\":\"charte - FSRM\",\"isPartOf\":{\"@id\":\"https:\/\/fsrm.ch\/site\/#website\"},\"primaryImageOfPage\":{\"@id\":\"https:\/\/fsrm.ch\/site\/charte\/#primaryimage\"},\"image\":{\"@id\":\"https:\/\/fsrm.ch\/site\/charte\/#primaryimage\"},\"thumbnailUrl\":\"https:\/\/fsrm.ch\/site\/wp-content\/uploads\/2018\/05\/fsrm_grande-768x357.jpg\",\"datePublished\":\"2018-04-18T09:13:01+00:00\",\"dateModified\":\"2026-01-12T12:37:08+00:00\",\"breadcrumb\":{\"@id\":\"https:\/\/fsrm.ch\/site\/charte\/#breadcrumb\"},\"inLanguage\":\"en-US\",\"potentialAction\":[{\"@type\":\"ReadAction\",\"target\":[\"https:\/\/fsrm.ch\/site\/charte\/\"]}]},{\"@type\":\"ImageObject\",\"inLanguage\":\"en-US\",\"@id\":\"https:\/\/fsrm.ch\/site\/charte\/#primaryimage\",\"url\":\"https:\/\/fsrm.ch\/site\/wp-content\/uploads\/2018\/05\/fsrm_grande.jpg\",\"contentUrl\":\"https:\/\/fsrm.ch\/site\/wp-content\/uploads\/2018\/05\/fsrm_grande.jpg\",\"width\":1441,\"height\":669},{\"@type\":\"BreadcrumbList\",\"@id\":\"https:\/\/fsrm.ch\/site\/charte\/#breadcrumb\",\"itemListElement\":[{\"@type\":\"ListItem\",\"position\":1,\"name\":\"Home\",\"item\":\"https:\/\/fsrm.ch\/site\/\"},{\"@type\":\"ListItem\",\"position\":2,\"name\":\"charte\"}]},{\"@type\":\"WebSite\",\"@id\":\"https:\/\/fsrm.ch\/site\/#website\",\"url\":\"https:\/\/fsrm.ch\/site\/\",\"name\":\"FSRM\",\"description\":\"Formation continue, cours de perfectionnement professionnel et organisation d&#039;\u00e9v\u00e9nements.\",\"publisher\":{\"@id\":\"https:\/\/fsrm.ch\/site\/#organization\"},\"potentialAction\":[{\"@type\":\"SearchAction\",\"target\":{\"@type\":\"EntryPoint\",\"urlTemplate\":\"https:\/\/fsrm.ch\/site\/?s={search_term_string}\"},\"query-input\":{\"@type\":\"PropertyValueSpecification\",\"valueRequired\":true,\"valueName\":\"search_term_string\"}}],\"inLanguage\":\"en-US\"},{\"@type\":\"Organization\",\"@id\":\"https:\/\/fsrm.ch\/site\/#organization\",\"name\":\"FSRM\",\"url\":\"https:\/\/fsrm.ch\/site\/\",\"logo\":{\"@type\":\"ImageObject\",\"inLanguage\":\"en-US\",\"@id\":\"https:\/\/fsrm.ch\/site\/#\/schema\/logo\/image\/\",\"url\":\"https:\/\/fsrm.ch\/site\/wp-content\/uploads\/2025\/05\/fsrm-logo.png\",\"contentUrl\":\"https:\/\/fsrm.ch\/site\/wp-content\/uploads\/2025\/05\/fsrm-logo.png\",\"width\":1000,\"height\":539,\"caption\":\"FSRM\"},\"image\":{\"@id\":\"https:\/\/fsrm.ch\/site\/#\/schema\/logo\/image\/\"},\"sameAs\":[\"https:\/\/www.facebook.com\/fsrm.ch\",\"https:\/\/www.linkedin.com\/company\/fsrm-swiss-foundation-for-research-in-microtechnology\",\"https:\/\/www.youtube.com\/user\/fsrmch\"]}]}<\/script>\n<!-- \/ Yoast SEO plugin. -->","yoast_head_json":{"title":"charte - FSRM","robots":{"index":"index","follow":"follow","max-snippet":"max-snippet:-1","max-image-preview":"max-image-preview:large","max-video-preview":"max-video-preview:-1"},"canonical":"https:\/\/fsrm.ch\/site\/charte\/","og_locale":"en_US","og_type":"article","og_title":"charte - FSRM","og_description":"charte Fondation de droit priv\u00e9, la FSRM a \u00e9t\u00e9 cr\u00e9\u00e9e en 1978, \u00e0 l\u2019initiative de la Conf\u00e9d\u00e9ration, de 11 cantons, 3 villes, 12 associations et 24 entreprises. Mission Nous nous investissons dans toutes formes d\u2019initiatives permettant de valoriser et d\u2019encourager le d\u00e9veloppement de la microtechnique et des activit\u00e9s \u00e9conomiques qui en d\u00e9coulent. Nous sommes pour [&hellip;]","og_url":"https:\/\/fsrm.ch\/site\/charte\/","og_site_name":"FSRM","article_publisher":"https:\/\/www.facebook.com\/fsrm.ch","article_modified_time":"2026-01-12T12:37:08+00:00","og_image":[{"width":1441,"height":669,"url":"https:\/\/fsrm.ch\/site\/wp-content\/uploads\/2018\/05\/fsrm_grande.jpg","type":"image\/jpeg"}],"twitter_card":"summary_large_image","twitter_misc":{"Est. reading time":"3 minutes"},"schema":{"@context":"https:\/\/schema.org","@graph":[{"@type":"WebPage","@id":"https:\/\/fsrm.ch\/site\/charte\/","url":"https:\/\/fsrm.ch\/site\/charte\/","name":"charte - FSRM","isPartOf":{"@id":"https:\/\/fsrm.ch\/site\/#website"},"primaryImageOfPage":{"@id":"https:\/\/fsrm.ch\/site\/charte\/#primaryimage"},"image":{"@id":"https:\/\/fsrm.ch\/site\/charte\/#primaryimage"},"thumbnailUrl":"https:\/\/fsrm.ch\/site\/wp-content\/uploads\/2018\/05\/fsrm_grande-768x357.jpg","datePublished":"2018-04-18T09:13:01+00:00","dateModified":"2026-01-12T12:37:08+00:00","breadcrumb":{"@id":"https:\/\/fsrm.ch\/site\/charte\/#breadcrumb"},"inLanguage":"en-US","potentialAction":[{"@type":"ReadAction","target":["https:\/\/fsrm.ch\/site\/charte\/"]}]},{"@type":"ImageObject","inLanguage":"en-US","@id":"https:\/\/fsrm.ch\/site\/charte\/#primaryimage","url":"https:\/\/fsrm.ch\/site\/wp-content\/uploads\/2018\/05\/fsrm_grande.jpg","contentUrl":"https:\/\/fsrm.ch\/site\/wp-content\/uploads\/2018\/05\/fsrm_grande.jpg","width":1441,"height":669},{"@type":"BreadcrumbList","@id":"https:\/\/fsrm.ch\/site\/charte\/#breadcrumb","itemListElement":[{"@type":"ListItem","position":1,"name":"Home","item":"https:\/\/fsrm.ch\/site\/"},{"@type":"ListItem","position":2,"name":"charte"}]},{"@type":"WebSite","@id":"https:\/\/fsrm.ch\/site\/#website","url":"https:\/\/fsrm.ch\/site\/","name":"FSRM","description":"Formation continue, cours de perfectionnement professionnel et organisation d&#039;\u00e9v\u00e9nements.","publisher":{"@id":"https:\/\/fsrm.ch\/site\/#organization"},"potentialAction":[{"@type":"SearchAction","target":{"@type":"EntryPoint","urlTemplate":"https:\/\/fsrm.ch\/site\/?s={search_term_string}"},"query-input":{"@type":"PropertyValueSpecification","valueRequired":true,"valueName":"search_term_string"}}],"inLanguage":"en-US"},{"@type":"Organization","@id":"https:\/\/fsrm.ch\/site\/#organization","name":"FSRM","url":"https:\/\/fsrm.ch\/site\/","logo":{"@type":"ImageObject","inLanguage":"en-US","@id":"https:\/\/fsrm.ch\/site\/#\/schema\/logo\/image\/","url":"https:\/\/fsrm.ch\/site\/wp-content\/uploads\/2025\/05\/fsrm-logo.png","contentUrl":"https:\/\/fsrm.ch\/site\/wp-content\/uploads\/2025\/05\/fsrm-logo.png","width":1000,"height":539,"caption":"FSRM"},"image":{"@id":"https:\/\/fsrm.ch\/site\/#\/schema\/logo\/image\/"},"sameAs":["https:\/\/www.facebook.com\/fsrm.ch","https:\/\/www.linkedin.com\/company\/fsrm-swiss-foundation-for-research-in-microtechnology","https:\/\/www.youtube.com\/user\/fsrmch"]}]}},"_links":{"self":[{"href":"https:\/\/fsrm.ch\/site\/wp-json\/wp\/v2\/pages\/280","targetHints":{"allow":["GET"]}}],"collection":[{"href":"https:\/\/fsrm.ch\/site\/wp-json\/wp\/v2\/pages"}],"about":[{"href":"https:\/\/fsrm.ch\/site\/wp-json\/wp\/v2\/types\/page"}],"author":[{"embeddable":true,"href":"https:\/\/fsrm.ch\/site\/wp-json\/wp\/v2\/users\/3"}],"replies":[{"embeddable":true,"href":"https:\/\/fsrm.ch\/site\/wp-json\/wp\/v2\/comments?post=280"}],"version-history":[{"count":40,"href":"https:\/\/fsrm.ch\/site\/wp-json\/wp\/v2\/pages\/280\/revisions"}],"predecessor-version":[{"id":9018,"href":"https:\/\/fsrm.ch\/site\/wp-json\/wp\/v2\/pages\/280\/revisions\/9018"}],"wp:attachment":[{"href":"https:\/\/fsrm.ch\/site\/wp-json\/wp\/v2\/media?parent=280"}],"curies":[{"name":"wp","href":"https:\/\/api.w.org\/{rel}","templated":true}]}}